{"id":1359,"date":"2015-12-19T08:51:15","date_gmt":"2015-12-19T08:51:15","guid":{"rendered":"http:\/\/brunnbaeren.com\/?page_id=1359"},"modified":"2016-08-23T09:08:45","modified_gmt":"2016-08-23T09:08:46","slug":"jenna-elfmann-von-den-brunnbaeren","status":"publish","type":"page","link":"https:\/\/brunnbaeren.com\/?page_id=1359","title":{"rendered":"Jenna Elfmann von den Brunnb\u00e4ren"},"content":{"rendered":"<p style=\"text-align: center;\">Jenna Elfman von den Brunnb\u00e4ren<\/p>\n<p style=\"text-align: center;\"><img decoding=\"async\" loading=\"lazy\" class=\"alignnone size-medium wp-image-1615\" src=\"https:\/\/brunnbaeren.com\/wp-content\/uploads\/2015\/12\/jenna_2914-240x300.jpg\" alt=\"jenna_2914\" width=\"240\" height=\"300\" srcset=\"https:\/\/brunnbaeren.com\/wp-content\/uploads\/2015\/12\/jenna_2914-240x300.jpg 240w, https:\/\/brunnbaeren.com\/wp-content\/uploads\/2015\/12\/jenna_2914.jpg 500w\" sizes=\"(max-width: 240px) 100vw, 240px\" \/><\/p>\n<p style=\"text-align: center;\">\u00d6HZB BS 4200<\/p>\n<p style=\"text-align: center;\">HD A, ED 0\/0<\/p>\n<p style=\"text-align: center;\">\u00d6sterreichischer Champion<\/p>\n<p style=\"text-align: center;\"><strong>\u00d6sterreichischer Veteranenchampion \ud83d\ude42<\/strong><\/p>\n<p style=\"text-align: center;\">Galileo von Murau &amp; Finessa von den Brunnb\u00e4ren<\/p>\n<p style=\"text-align: center;\">Wurfdatum :20.02.2008<\/p>\n<p>Eigentlich war es nicht geplant dass wir Jenna behalten. Aber es hat sich zum Gl\u00fcck so ergeben und jetzt sind wir sehr gl\u00fccklich, dass wir sie haben. Sie hat die ideale Mischung aus Temperament und Ausgeglichenheit. Zu Hause und in der Ordination ist sie angenehm ruhig, w\u00e4hrend sie am Hundeplatz mit viel Esprit arbeitet. Wir m\u00f6chten mit ihr die Ausbildung zum Therapiehund machen, da sie durch ihr unersch\u00fctterliches Vertrauen und gro\u00dfe Liebe zu allen Menschen sicher daf\u00fcr geeignet ist. Sie besticht aber nicht nur durch ihr liebes Wesen, sondern ist auch sehr h\u00fcbsch und hat ein sch\u00f6nes Gangwerk<\/p>\n<p>&nbsp;<\/p>\n<p style=\"text-align: left;\"><a href=\"https:\/\/brunnbaeren.com\/wp-content\/uploads\/2015\/12\/Jenna_Koerbericht.jpg\">K\u00f6rbericht (pdf)<\/a><\/p>\n<p style=\"text-align: left;\"><a href=\"https:\/\/brunnbaeren.com\/wp-content\/uploads\/2015\/12\/Jenna-Elfmann-von-den-Brunnb\u00e4ren_Stand-19.12.2015.pdf\" target=\"_blank\">Pedigree\u00a0(pdf)<\/a><\/p>\n<p style=\"text-align: left;\">ein Einblick in unsere Zaubermaus<\/p>\n<p style=\"text-align: left;\"><!-- index.php -->\n<div\n\tclass=\"ngg-galleryoverview\n\t ngg-ajax-pagination-none\t\"\n\tid=\"ngg-gallery-a8c41baf37a61ef64f77328300188a81-1\">\n\n\t\t\t<!-- Thumbnails -->\n\t\t\t\t<div id=\"ngg-image-0\" class=\"ngg-gallery-thumbnail-box\" \n\t\t\t\t\t\t\t\t\t\t\t>\n\t\t\t\t\t\t<div class=\"ngg-gallery-thumbnail\">\n\t\t\t<a href=\"https:\/\/brunnbaeren.com\/wp-content\/gallery\/jenna-elfmann-von-den-brunnbaeren\/12015055_844150102366392_6237295458558476602_o-e1444660618271-300x207.jpg\"\n\t\t\t\ttitle=\"\"\n\t\t\t\tdata-src=\"https:\/\/brunnbaeren.com\/wp-content\/gallery\/jenna-elfmann-von-den-brunnbaeren\/12015055_844150102366392_6237295458558476602_o-e1444660618271-300x207.jpg\"\n\t\t\t\tdata-thumbnail=\"https:\/\/brunnbaeren.com\/wp-content\/gallery\/jenna-elfmann-von-den-brunnbaeren\/thumbs\/thumbs_12015055_844150102366392_6237295458558476602_o-e1444660618271-300x207.jpg\"\n\t\t\t\tdata-image-id=\"560\"\n\t\t\t\tdata-title=\"12015055_844150102366392_6237295458558476602_o-e1444660618271-300x207\"\n\t\t\t\tdata-description=\"\"\n\t\t\t\tdata-image-slug=\"12015055_844150102366392_6237295458558476602_o-e1444660618271-300x207\"\n\t\t\t\tclass=\"ngg-fancybox\" rel=\"a8c41baf37a61ef64f77328300188a81\">\n\t\t\t\t<img\n\t\t\t\t\ttitle=\"12015055_844150102366392_6237295458558476602_o-e1444660618271-300x207\"\n\t\t\t\t\talt=\"12015055_844150102366392_6237295458558476602_o-e1444660618271-300x207\"\n\t\t\t\t\tsrc=\"https:\/\/brunnbaeren.com\/wp-content\/gallery\/jenna-elfmann-von-den-brunnbaeren\/thumbs\/thumbs_12015055_844150102366392_6237295458558476602_o-e1444660618271-300x207.jpg\"\n\t\t\t\t\twidth=\"240\"\n\t\t\t\t\theight=\"160\"\n\t\t\t\t\tstyle=\"max-width:100%;\"\n\t\t\t\t\/>\n\t\t\t<\/a>\n\t\t<\/div>\n\t\t\t\t\t\t\t<\/div> \n\t\t\t\n\t\t\n\t\t\t\t<div id=\"ngg-image-1\" class=\"ngg-gallery-thumbnail-box\" \n\t\t\t\t\t\t\t\t\t\t\t>\n\t\t\t\t\t\t<div class=\"ngg-gallery-thumbnail\">\n\t\t\t<a href=\"https:\/\/brunnbaeren.com\/wp-content\/gallery\/jenna-elfmann-von-den-brunnbaeren\/12034473_844151029032966_3616643158804820142_o-e1444660681184-300x203.jpg\"\n\t\t\t\ttitle=\"\"\n\t\t\t\tdata-src=\"https:\/\/brunnbaeren.com\/wp-content\/gallery\/jenna-elfmann-von-den-brunnbaeren\/12034473_844151029032966_3616643158804820142_o-e1444660681184-300x203.jpg\"\n\t\t\t\tdata-thumbnail=\"https:\/\/brunnbaeren.com\/wp-content\/gallery\/jenna-elfmann-von-den-brunnbaeren\/thumbs\/thumbs_12034473_844151029032966_3616643158804820142_o-e1444660681184-300x203.jpg\"\n\t\t\t\tdata-image-id=\"561\"\n\t\t\t\tdata-title=\"12034473_844151029032966_3616643158804820142_o-e1444660681184-300x203\"\n\t\t\t\tdata-description=\"\"\n\t\t\t\tdata-image-slug=\"12034473_844151029032966_3616643158804820142_o-e1444660681184-300x203\"\n\t\t\t\tclass=\"ngg-fancybox\" rel=\"a8c41baf37a61ef64f77328300188a81\">\n\t\t\t\t<img\n\t\t\t\t\ttitle=\"12034473_844151029032966_3616643158804820142_o-e1444660681184-300x203\"\n\t\t\t\t\talt=\"12034473_844151029032966_3616643158804820142_o-e1444660681184-300x203\"\n\t\t\t\t\tsrc=\"https:\/\/brunnbaeren.com\/wp-content\/gallery\/jenna-elfmann-von-den-brunnbaeren\/thumbs\/thumbs_12034473_844151029032966_3616643158804820142_o-e1444660681184-300x203.jpg\"\n\t\t\t\t\twidth=\"240\"\n\t\t\t\t\theight=\"160\"\n\t\t\t\t\tstyle=\"max-width:100%;\"\n\t\t\t\t\/>\n\t\t\t<\/a>\n\t\t<\/div>\n\t\t\t\t\t\t\t<\/div> \n\t\t\t\n\t\t\n\t\t\t\t<div id=\"ngg-image-2\" class=\"ngg-gallery-thumbnail-box\" \n\t\t\t\t\t\t\t\t\t\t\t>\n\t\t\t\t\t\t<div class=\"ngg-gallery-thumbnail\">\n\t\t\t<a href=\"https:\/\/brunnbaeren.com\/wp-content\/gallery\/jenna-elfmann-von-den-brunnbaeren\/Bea-Jenna-16-Wochen-und-Escara-06.08-004.jpg\"\n\t\t\t\ttitle=\"\"\n\t\t\t\tdata-src=\"https:\/\/brunnbaeren.com\/wp-content\/gallery\/jenna-elfmann-von-den-brunnbaeren\/Bea-Jenna-16-Wochen-und-Escara-06.08-004.jpg\"\n\t\t\t\tdata-thumbnail=\"https:\/\/brunnbaeren.com\/wp-content\/gallery\/jenna-elfmann-von-den-brunnbaeren\/thumbs\/thumbs_Bea-Jenna-16-Wochen-und-Escara-06.08-004.jpg\"\n\t\t\t\tdata-image-id=\"562\"\n\t\t\t\tdata-title=\"Bea, Jenna ( 16 Wochen) und Escara 06.08 004\"\n\t\t\t\tdata-description=\"\"\n\t\t\t\tdata-image-slug=\"bea-jenna-16-wochen-und-escara-06-08-004-1\"\n\t\t\t\tclass=\"ngg-fancybox\" rel=\"a8c41baf37a61ef64f77328300188a81\">\n\t\t\t\t<img\n\t\t\t\t\ttitle=\"Bea, Jenna ( 16 Wochen) und Escara 06.08 004\"\n\t\t\t\t\talt=\"Bea, Jenna ( 16 Wochen) und Escara 06.08 004\"\n\t\t\t\t\tsrc=\"https:\/\/brunnbaeren.com\/wp-content\/gallery\/jenna-elfmann-von-den-brunnbaeren\/thumbs\/thumbs_Bea-Jenna-16-Wochen-und-Escara-06.08-004.jpg\"\n\t\t\t\t\twidth=\"240\"\n\t\t\t\t\theight=\"160\"\n\t\t\t\t\tstyle=\"max-width:100%;\"\n\t\t\t\t\/>\n\t\t\t<\/a>\n\t\t<\/div>\n\t\t\t\t\t\t\t<\/div> \n\t\t\t\n\t\t\n\t\t\t\t<div id=\"ngg-image-3\" class=\"ngg-gallery-thumbnail-box\" \n\t\t\t\t\t\t\t\t\t\t\t>\n\t\t\t\t\t\t<div class=\"ngg-gallery-thumbnail\">\n\t\t\t<a href=\"https:\/\/brunnbaeren.com\/wp-content\/gallery\/jenna-elfmann-von-den-brunnbaeren\/Jenna-Fluffy-1-1.jpg\"\n\t\t\t\ttitle=\"\"\n\t\t\t\tdata-src=\"https:\/\/brunnbaeren.com\/wp-content\/gallery\/jenna-elfmann-von-den-brunnbaeren\/Jenna-Fluffy-1-1.jpg\"\n\t\t\t\tdata-thumbnail=\"https:\/\/brunnbaeren.com\/wp-content\/gallery\/jenna-elfmann-von-den-brunnbaeren\/thumbs\/thumbs_Jenna-Fluffy-1-1.jpg\"\n\t\t\t\tdata-image-id=\"563\"\n\t\t\t\tdata-title=\"Jenna Fluffy 1 (1)\"\n\t\t\t\tdata-description=\"\"\n\t\t\t\tdata-image-slug=\"jenna-fluffy-1-1\"\n\t\t\t\tclass=\"ngg-fancybox\" rel=\"a8c41baf37a61ef64f77328300188a81\">\n\t\t\t\t<img\n\t\t\t\t\ttitle=\"Jenna Fluffy 1 (1)\"\n\t\t\t\t\talt=\"Jenna Fluffy 1 (1)\"\n\t\t\t\t\tsrc=\"https:\/\/brunnbaeren.com\/wp-content\/gallery\/jenna-elfmann-von-den-brunnbaeren\/thumbs\/thumbs_Jenna-Fluffy-1-1.jpg\"\n\t\t\t\t\twidth=\"240\"\n\t\t\t\t\theight=\"160\"\n\t\t\t\t\tstyle=\"max-width:100%;\"\n\t\t\t\t\/>\n\t\t\t<\/a>\n\t\t<\/div>\n\t\t\t\t\t\t\t<\/div> \n\t\t\t\n\t\t\n\t\t\n\t\t<!-- Pagination -->\n\t\t<div class='ngg-navigation'><span class='current'>1<\/span>\n<a class='page-numbers' data-pageid='2' href='https:\/\/brunnbaeren.com\/index.php\/nggallery\/page\/2?page_id=1359'>2<\/a>\n<span class='ellipsis'>...<\/span>\n<a class='page-numbers' data-pageid='5' href='https:\/\/brunnbaeren.com\/index.php\/nggallery\/page\/5?page_id=1359'>5<\/a>\n<a class='prev' href='https:\/\/brunnbaeren.com\/index.php\/nggallery\/page\/2?page_id=1359' data-pageid=2>&#9658;<\/a><\/div>\t<\/div>\n<\/p>\n<p>&nbsp;<\/p>\n","protected":false},"excerpt":{"rendered":"<p>Jenna Elfman von den Brunnb\u00e4ren \u00d6HZB BS 4200 HD A, ED 0\/0 \u00d6sterreichischer Champion \u00d6sterreichischer Veteranenchampion \ud83d\ude42 Galileo von Murau &amp; Finessa von den Brunnb\u00e4ren Wurfdatum :20.02.2008 Eigentlich war es nicht geplant dass wir Jenna behalten. Aber es hat sich zum Gl\u00fcck so ergeben und jetzt sind wir sehr gl\u00fccklich, dass wir sie haben. Sie [&hellip;]<\/p>\n","protected":false},"author":1,"featured_media":0,"parent":0,"menu_order":0,"comment_status":"closed","ping_status":"closed","template":"","meta":{"ngg_post_thumbnail":0},"_links":{"self":[{"href":"https:\/\/brunnbaeren.com\/index.php?rest_route=\/wp\/v2\/pages\/1359"}],"collection":[{"href":"https:\/\/brunnbaeren.com\/index.php?rest_route=\/wp\/v2\/pages"}],"about":[{"href":"https:\/\/brunnbaeren.com\/index.php?rest_route=\/wp\/v2\/types\/page"}],"author":[{"embeddable":true,"href":"https:\/\/brunnbaeren.com\/index.php?rest_route=\/wp\/v2\/users\/1"}],"replies":[{"embeddable":true,"href":"https:\/\/brunnbaeren.com\/index.php?rest_route=%2Fwp%2Fv2%2Fcomments&post=1359"}],"version-history":[{"count":10,"href":"https:\/\/brunnbaeren.com\/index.php?rest_route=\/wp\/v2\/pages\/1359\/revisions"}],"predecessor-version":[{"id":2660,"href":"https:\/\/brunnbaeren.com\/index.php?rest_route=\/wp\/v2\/pages\/1359\/revisions\/2660"}],"wp:attachment":[{"href":"https:\/\/brunnbaeren.com\/index.php?rest_route=%2Fwp%2Fv2%2Fmedia&parent=1359"}],"curies":[{"name":"wp","href":"https:\/\/api.w.org\/{rel}","templated":true}]}}