{"id":1422,"date":"2015-12-19T09:14:31","date_gmt":"2015-12-19T09:14:31","guid":{"rendered":"http:\/\/brunnbaeren.com\/?page_id=1422"},"modified":"2020-05-19T18:24:48","modified_gmt":"2020-05-19T18:24:48","slug":"in-memoriam-huendinnen","status":"publish","type":"page","link":"https:\/\/brunnbaeren.com\/?page_id=1422","title":{"rendered":"in Memoriam H\u00fcndinnen"},"content":{"rendered":"\n<div class=\"wp-block-group\"><div class=\"wp-block-group__inner-container is-layout-flow\">\n<p class=\"has-text-align-center\"><a href=\"https:\/\/brunnbaeren.com\/?p=4625\">Jenna Elfman von den Brunnb\u00e4ren<\/a><\/p>\n\n\n\n<p class=\"has-text-align-center\">20.02.2008-23.11.2019<\/p>\n\n\n\n<p class=\"has-text-align-center\">Galileo von Murau &amp; Finessa von den Brunnb\u00e4ren<\/p>\n\n\n\n<div class=\"wp-block-image\"><figure class=\"aligncenter size-large is-resized\"><img decoding=\"async\" loading=\"lazy\" src=\"https:\/\/brunnbaeren.com\/wp-content\/uploads\/2019\/11\/comp_Jenna.jpg\" alt=\"\" class=\"wp-image-4629\" width=\"409\" height=\"289\" srcset=\"https:\/\/brunnbaeren.com\/wp-content\/uploads\/2019\/11\/comp_Jenna.jpg 1000w, https:\/\/brunnbaeren.com\/wp-content\/uploads\/2019\/11\/comp_Jenna-150x106.jpg 150w, https:\/\/brunnbaeren.com\/wp-content\/uploads\/2019\/11\/comp_Jenna-300x212.jpg 300w\" sizes=\"(max-width: 409px) 100vw, 409px\" \/><\/figure><\/div>\n\n\n\n<p style=\"text-align: center;\"><span style=\"color: #808080;\"><strong><a style=\"color: #808080;\" href=\"https:\/\/brunnbaeren.com\/?page_id=21\" target=\"_blank\" rel=\"noopener noreferrer\">Escara von den Brunnb\u00e4ren<\/a><\/strong><\/span><\/p>\n<p style=\"text-align: center;\">11.07.2004 &#8211; 08.02.2016<\/p>\n<p style=\"text-align: center;\">\u00d6sterreichischer Veteranenenchampion<\/p>\n<p style=\"text-align: center;\">Dumbledor degli antichi Mulini&nbsp;&amp; Bea von den Brunnb\u00e4ren<\/p>\n<p><img decoding=\"async\" loading=\"lazy\" class=\"aligncenter wp-image-1614 size-medium\" src=\"https:\/\/brunnbaeren.com\/wp-content\/uploads\/2015\/12\/Escara-300x225.jpg\" alt=\"\" width=\"300\" height=\"225\" srcset=\"https:\/\/brunnbaeren.com\/wp-content\/uploads\/2015\/12\/Escara-300x225.jpg 300w, https:\/\/brunnbaeren.com\/wp-content\/uploads\/2015\/12\/Escara.jpg 512w\" sizes=\"(max-width: 300px) 100vw, 300px\" \/><\/p>\n<p style=\"text-align: center;\">*******<\/p>\n<p style=\"text-align: center;\"><span style=\"color: #808080;\"><strong><a style=\"color: #808080;\" href=\"https:\/\/brunnbaeren.com\/?page_id=1972\" target=\"_blank\" rel=\"noopener noreferrer\">Bea von den Brunnb\u00e4ren<\/a><\/strong><\/span><\/p>\n<p style=\"text-align: center;\">28.01.2000 &#8211; 16.10.2009<\/p>\n<p style=\"text-align: center;\">Chris von Turnau &#8211; Banja vom Zellnergut<\/p>\n<p style=\"text-align: center;\"><img decoding=\"async\" loading=\"lazy\" class=\"alignnone size-full wp-image-1592\" src=\"https:\/\/brunnbaeren.com\/wp-content\/uploads\/2015\/12\/BBea01.jpg\" alt=\"BBea01\" width=\"152\" height=\"225\" srcset=\"https:\/\/brunnbaeren.com\/wp-content\/uploads\/2015\/12\/BBea01.jpg 152w, https:\/\/brunnbaeren.com\/wp-content\/uploads\/2015\/12\/BBea01-101x150.jpg 101w\" sizes=\"(max-width: 152px) 100vw, 152px\" \/><\/p>\n<p>Bea kam mit 2,5 Jahren zu uns zur\u00fcck, da ihre Familie sie aufgrund einer Trennung nicht mehr behalten konnte. Ein Gl\u00fccksfall f\u00fcr uns. Ihre Mama Banja konnte nun in Pension gehen und Bea hat die Brunnb\u00e4ren Familie um 33 Welpen vergr\u00f6\u00dfert. Sie ist eine absolut umg\u00e4ngliche H\u00fcndin, die zu allen Menschen und Tieren freundlich ist. Auch jetzt mit fast 8 Jahren ist sie noch sehr fit und bewegungsfreudig<\/p>\n<p style=\"text-align: center;\">*******<\/p>\n<p style=\"text-align: center;\"><span style=\"color: #808080;\"><strong><a style=\"color: #808080;\" href=\"https:\/\/brunnbaeren.com\/?page_id=1978\" target=\"_blank\" rel=\"noopener noreferrer\">Banja vom Zellnergut<\/a><\/strong><\/span><\/p>\n<p style=\"text-align: center;\">11.01.1996 &#8211; 05.02.2007<\/p>\n<p style=\"text-align: center;\">Derry vom Veit &amp; Hella von Enterach<\/p>\n<p><img decoding=\"async\" loading=\"lazy\" class=\"size-medium wp-image-1239 aligncenter\" src=\"https:\/\/brunnbaeren.com\/wp-content\/uploads\/2015\/12\/Ausflug002-300x206.jpg\" alt=\"Ausflug002\" width=\"300\" height=\"206\" srcset=\"https:\/\/brunnbaeren.com\/wp-content\/uploads\/2015\/12\/Ausflug002-300x206.jpg 300w, https:\/\/brunnbaeren.com\/wp-content\/uploads\/2015\/12\/Ausflug002.jpg 379w\" sizes=\"(max-width: 300px) 100vw, 300px\" \/><\/p>\n<p style=\"text-align: center;\">*******<\/p>\n<p style=\"text-align: center;\"><strong>Bella von der Hohen Veitsch<\/strong><\/p>\n<p style=\"text-align: center;\">30.07.1994 &#8211; 28.06.2003<\/p>\n<p style=\"text-align: center;\">Nana&#8217;s Horaz &amp; Blanka von Buchenb\u00fchl<\/p>\n<p><img decoding=\"async\" loading=\"lazy\" class=\"size-medium wp-image-1335 aligncenter\" src=\"https:\/\/brunnbaeren.com\/wp-content\/uploads\/2015\/12\/Bella001-300x204.jpg\" alt=\"Bella001\" width=\"300\" height=\"204\"><\/p>\n<p style=\"text-align: center;\">Mit Bella haben wir uns den Traum vom eigenen Berner Sennenhund erf\u00fcllt. Sie war sehr anh\u00e4nglich und immer bestrebt uns alles recht zu machen. Leider konnten wir mit ihr nicht z\u00fcchten, da sie an H\u00fcftgelenksdysplasie litt. Als sie mit 6 Jahren an Krebs erkrankte brach f\u00fcr uns eine Welt zusammen. Aber sie \u00fcberlebt die 7 st\u00fcndige schwere OP und lebte noch 3.5 Jahre mit einer Lebensfreude und Energie, die niemand f\u00fcr m\u00f6glich gehalten hatte. Sie regte uns an, die Hundehaltung und vor allem auch meine tier\u00e4rztliche Einstellung zu \u00fcberdenken und v\u00f6llig umzukrempeln ! von da an, wurden unserer Hunde nur mehr mit frischem, selbst zubereitetem Futter ern\u00e4hrt und die Gabe von Medikamenten gut \u00fcberdacht und durch alternative Methoden ersetzt. Wir haben durch Bella soviel gelernt und werden ihr daf\u00fcr ewig dankbar sein.<\/p>\n<p style=\"text-align: center;\">*******<\/p>\n<\/div><\/div>\n","protected":false},"excerpt":{"rendered":"<p>Jenna Elfman von den Brunnb\u00e4ren 20.02.2008-23.11.2019 Galileo von Murau &amp; Finessa von den Brunnb\u00e4ren Escara von den Brunnb\u00e4ren 11.07.2004 &#8211; 08.02.2016 \u00d6sterreichischer Veteranenenchampion Dumbledor degli antichi Mulini&nbsp;&amp; Bea von den Brunnb\u00e4ren ******* Bea von den Brunnb\u00e4ren 28.01.2000 &#8211; 16.10.2009 Chris von Turnau &#8211; Banja vom Zellnergut Bea kam mit 2,5 Jahren zu uns zur\u00fcck, da [&hellip;]<\/p>\n","protected":false},"author":1,"featured_media":0,"parent":0,"menu_order":0,"comment_status":"closed","ping_status":"closed","template":"","meta":{"ngg_post_thumbnail":0},"_links":{"self":[{"href":"https:\/\/brunnbaeren.com\/index.php?rest_route=\/wp\/v2\/pages\/1422"}],"collection":[{"href":"https:\/\/brunnbaeren.com\/index.php?rest_route=\/wp\/v2\/pages"}],"about":[{"href":"https:\/\/brunnbaeren.com\/index.php?rest_route=\/wp\/v2\/types\/page"}],"author":[{"embeddable":true,"href":"https:\/\/brunnbaeren.com\/index.php?rest_route=\/wp\/v2\/users\/1"}],"replies":[{"embeddable":true,"href":"https:\/\/brunnbaeren.com\/index.php?rest_route=%2Fwp%2Fv2%2Fcomments&post=1422"}],"version-history":[{"count":10,"href":"https:\/\/brunnbaeren.com\/index.php?rest_route=\/wp\/v2\/pages\/1422\/revisions"}],"predecessor-version":[{"id":4986,"href":"https:\/\/brunnbaeren.com\/index.php?rest_route=\/wp\/v2\/pages\/1422\/revisions\/4986"}],"wp:attachment":[{"href":"https:\/\/brunnbaeren.com\/index.php?rest_route=%2Fwp%2Fv2%2Fmedia&parent=1422"}],"curies":[{"name":"wp","href":"https:\/\/api.w.org\/{rel}","templated":true}]}}