{"id":1951,"date":"2016-01-28T10:02:33","date_gmt":"2016-01-28T10:02:33","guid":{"rendered":"http:\/\/brunnbaeren.com\/?page_id=1951"},"modified":"2016-08-14T11:09:38","modified_gmt":"2016-08-14T11:09:38","slug":"ueber-uns-2","status":"publish","type":"page","link":"https:\/\/brunnbaeren.com\/?page_id=1951","title":{"rendered":"\u00dcber uns"},"content":{"rendered":"<p><span style=\"text-decoration: underline; color: #0000ff;\"> \u201eWie wir zu unseren Coonies und der Zucht kamen\u201c<\/span><\/p>\n<p>Neben unseren Hunden bereichern auch schon immer zahlreiche Katzen unser Leben. Wir haben einige aus dem Tierschutzhaus, eine wurde uns krank in die Praxis gebracht, zwei haben wir aufgezogen, da ihre Mutter verstarb,\u2026.. Sie waren alle tolle Pers\u00f6nlichkeiten, aber leider eher Einzelg\u00e4nger, die sich untereinander nicht so gut verstanden haben.<\/p>\n<p>Dann besuchten wir eines Tages eine Bekannte, die seit Jahren Maine Coon z\u00fcchtet. Bei ihr leben \u00fcber 20 Katzen dieser Rasse in Harmonie zusammen. Wir waren sofort von deren Wesen und Ausstrahlung fasziniert \u2013 uns hat das\u00a0 \u201eCooniefieber\u201c gepacktJ. Zu dieser Zeit hatte sie gerade einen Wurf. Wir sahen \u201eIndi\u201c und es war um uns geschehen. Kurz darauf ist \u201eAction Cat\u2019s a Indiana Jones\u201c bei uns eingezogen. Schnell hat sich Indi damals mit unseren Hunden angefreundet, w\u00e4hrend unsere alten Katzen eher unwirsch auf ihn reagierten und so stand fest: Indi braucht Gesellschaft! Dann kam der n\u00e4chste Wurf unserer Z\u00fcchterin zur Welt. Mitten unter den Kleinen war unsere perfekte Sch\u00f6nheit , \u201eJust Love\u201c genannt. Sie kam genau am Tag des vorhergesagten Weltuntergangs (21.12.12) zur Welt. F\u00fcr uns und nat\u00fcrlich f\u00fcr Indi ging allerdings damit eine neue Welt auf \ud83d\ude42 . Indi und Love passten perfekt zusammen und so kam es wie es kommen musste: unsere erster eigener Wurf kam am 29.4.14 zur Welt.<\/p>\n<p>Wir danken an dieser Stelle unserer Z\u00fcchterin Monika Scherer f\u00fcr unsere beiden wunderbaren \u201eAction Cat\u2019s\u201c und auch f\u00fcr Ihre Hilfe und Unterst\u00fctzung rund um die Welt der Coonies!<\/p>\n<p>&nbsp;<\/p>\n<p>N\u00e4here Informationen zu unserer Z\u00fcchterin sind <a href=\"http:\/\/members.aon.at\/action-cats\/\" target=\"_blank\">hier <\/a>zu finden \ud83d\ude42<\/p>\n<p>Wir selbst z\u00fcchten unter dem Namen<strong> Alegria\u2019s (bedeutet Lebensfreude)<\/strong> im \u00d6sterreichischen Verband f\u00fcr die Zucht und Haltung von Edelkatzen (<strong><a href=\"http:\/\/www.oevek.at\/\" target=\"_blank\">\u00d6VEK<\/a><\/strong>).<\/p>\n<p>&nbsp;<\/p>\n","protected":false},"excerpt":{"rendered":"<p>\u201eWie wir zu unseren Coonies und der Zucht kamen\u201c Neben unseren Hunden bereichern auch schon immer zahlreiche Katzen unser Leben. Wir haben einige aus dem Tierschutzhaus, eine wurde uns krank in die Praxis gebracht, zwei haben wir aufgezogen, da ihre Mutter verstarb,\u2026.. Sie waren alle tolle Pers\u00f6nlichkeiten, aber leider eher Einzelg\u00e4nger, die sich untereinander nicht [&hellip;]<\/p>\n","protected":false},"author":1,"featured_media":0,"parent":0,"menu_order":0,"comment_status":"closed","ping_status":"closed","template":"","meta":{"ngg_post_thumbnail":0},"_links":{"self":[{"href":"https:\/\/brunnbaeren.com\/index.php?rest_route=\/wp\/v2\/pages\/1951"}],"collection":[{"href":"https:\/\/brunnbaeren.com\/index.php?rest_route=\/wp\/v2\/pages"}],"about":[{"href":"https:\/\/brunnbaeren.com\/index.php?rest_route=\/wp\/v2\/types\/page"}],"author":[{"embeddable":true,"href":"https:\/\/brunnbaeren.com\/index.php?rest_route=\/wp\/v2\/users\/1"}],"replies":[{"embeddable":true,"href":"https:\/\/brunnbaeren.com\/index.php?rest_route=%2Fwp%2Fv2%2Fcomments&post=1951"}],"version-history":[{"count":5,"href":"https:\/\/brunnbaeren.com\/index.php?rest_route=\/wp\/v2\/pages\/1951\/revisions"}],"predecessor-version":[{"id":2633,"href":"https:\/\/brunnbaeren.com\/index.php?rest_route=\/wp\/v2\/pages\/1951\/revisions\/2633"}],"wp:attachment":[{"href":"https:\/\/brunnbaeren.com\/index.php?rest_route=%2Fwp%2Fv2%2Fmedia&parent=1951"}],"curies":[{"name":"wp","href":"https:\/\/api.w.org\/{rel}","templated":true}]}}