{"id":1972,"date":"2016-02-20T14:41:51","date_gmt":"2016-02-20T14:41:51","guid":{"rendered":"http:\/\/brunnbaeren.com\/?page_id=1972"},"modified":"2016-02-20T15:58:04","modified_gmt":"2016-02-20T15:58:04","slug":"bea-von-den-brunnbaeren","status":"publish","type":"page","link":"https:\/\/brunnbaeren.com\/?page_id=1972","title":{"rendered":"Bea von den Brunnb\u00e4ren"},"content":{"rendered":"<p style=\"text-align: center;\">Die Brunnb\u00e4ren- Familie nimmt Abschied von<\/p>\n<p style=\"text-align: center;\">&#8222;Bea von den Brunnb\u00e4ren&#8220;<\/p>\n<p style=\"text-align: center;\">28-01-2000 &#8211; 16-10-2009<\/p>\n<figure id=\"attachment_1973\" aria-describedby=\"caption-attachment-1973\" style=\"width: 300px\" class=\"wp-caption aligncenter\"><img decoding=\"async\" loading=\"lazy\" class=\"wp-image-1973 size-medium\" src=\"https:\/\/brunnbaeren.com\/wp-content\/uploads\/2016\/02\/bea-von-den-brunnbaeren_september-300x186.jpg\" alt=\"bea von den brunnbaeren_september\" width=\"300\" height=\"186\" srcset=\"https:\/\/brunnbaeren.com\/wp-content\/uploads\/2016\/02\/bea-von-den-brunnbaeren_september-300x186.jpg 300w, https:\/\/brunnbaeren.com\/wp-content\/uploads\/2016\/02\/bea-von-den-brunnbaeren_september-150x93.jpg 150w, https:\/\/brunnbaeren.com\/wp-content\/uploads\/2016\/02\/bea-von-den-brunnbaeren_september.jpg 684w\" sizes=\"(max-width: 300px) 100vw, 300px\" \/><figcaption id=\"caption-attachment-1973\" class=\"wp-caption-text\">Bea im September 2009<\/figcaption><\/figure>\n<p>Bea ist am 16-10-2009 sanft und ruhig von uns gegangen. Wir gedenken in uns\u00e4glicher Trauer und danken Dir f\u00fcr die lange Zeit, die wir mit Dir verbringen durften. Du warst so au\u00dfergew\u00f6hnlich, wie es mit Worten kaum zu beschrieben ist. Du warst immer freundlich und geduldig v.a. auch mit Deinen 33 tollen Welpen. Du wirst immer in unserem Herzen und in Deinen Kindern, Enkeln und Urenkeln weiterleben.<\/p>\n<p><img decoding=\"async\" loading=\"lazy\" class=\"size-medium wp-image-1974 alignleft\" src=\"https:\/\/brunnbaeren.com\/wp-content\/uploads\/2016\/02\/bea-nachruf_03.jpg\" alt=\"bea nachruf_03\" width=\"164\" height=\"202\" srcset=\"https:\/\/brunnbaeren.com\/wp-content\/uploads\/2016\/02\/bea-nachruf_03.jpg 164w, https:\/\/brunnbaeren.com\/wp-content\/uploads\/2016\/02\/bea-nachruf_03-122x150.jpg 122w\" sizes=\"(max-width: 164px) 100vw, 164px\" \/> <img decoding=\"async\" loading=\"lazy\" class=\"size-medium wp-image-1975 alignleft\" src=\"https:\/\/brunnbaeren.com\/wp-content\/uploads\/2016\/02\/bea_nachruf01.jpg\" alt=\"bea_nachruf01\" width=\"265\" height=\"165\" srcset=\"https:\/\/brunnbaeren.com\/wp-content\/uploads\/2016\/02\/bea_nachruf01.jpg 265w, https:\/\/brunnbaeren.com\/wp-content\/uploads\/2016\/02\/bea_nachruf01-150x93.jpg 150w\" sizes=\"(max-width: 265px) 100vw, 265px\" \/> <img decoding=\"async\" loading=\"lazy\" class=\"alignnone size-medium wp-image-1976\" src=\"https:\/\/brunnbaeren.com\/wp-content\/uploads\/2016\/02\/bea_nachruf02.jpg\" alt=\"bea_nachruf02\" width=\"241\" height=\"165\" srcset=\"https:\/\/brunnbaeren.com\/wp-content\/uploads\/2016\/02\/bea_nachruf02.jpg 241w, https:\/\/brunnbaeren.com\/wp-content\/uploads\/2016\/02\/bea_nachruf02-150x103.jpg 150w\" sizes=\"(max-width: 241px) 100vw, 241px\" \/><\/p>\n<p>&nbsp;<\/p>\n<p>&nbsp;<\/p>\n<p>In Liebe, deine Brunnb\u00e4ren &#8211; Eltern<\/p>\n<p>&nbsp;<\/p>\n","protected":false},"excerpt":{"rendered":"<p>Die Brunnb\u00e4ren- Familie nimmt Abschied von &#8222;Bea von den Brunnb\u00e4ren&#8220; 28-01-2000 &#8211; 16-10-2009 Bea ist am 16-10-2009 sanft und ruhig von uns gegangen. Wir gedenken in uns\u00e4glicher Trauer und danken Dir f\u00fcr die lange Zeit, die wir mit Dir verbringen durften. Du warst so au\u00dfergew\u00f6hnlich, wie es mit Worten kaum zu beschrieben ist. Du warst [&hellip;]<\/p>\n","protected":false},"author":1,"featured_media":0,"parent":0,"menu_order":0,"comment_status":"closed","ping_status":"closed","template":"","meta":{"ngg_post_thumbnail":0},"_links":{"self":[{"href":"https:\/\/brunnbaeren.com\/index.php?rest_route=\/wp\/v2\/pages\/1972"}],"collection":[{"href":"https:\/\/brunnbaeren.com\/index.php?rest_route=\/wp\/v2\/pages"}],"about":[{"href":"https:\/\/brunnbaeren.com\/index.php?rest_route=\/wp\/v2\/types\/page"}],"author":[{"embeddable":true,"href":"https:\/\/brunnbaeren.com\/index.php?rest_route=\/wp\/v2\/users\/1"}],"replies":[{"embeddable":true,"href":"https:\/\/brunnbaeren.com\/index.php?rest_route=%2Fwp%2Fv2%2Fcomments&post=1972"}],"version-history":[{"count":1,"href":"https:\/\/brunnbaeren.com\/index.php?rest_route=\/wp\/v2\/pages\/1972\/revisions"}],"predecessor-version":[{"id":1977,"href":"https:\/\/brunnbaeren.com\/index.php?rest_route=\/wp\/v2\/pages\/1972\/revisions\/1977"}],"wp:attachment":[{"href":"https:\/\/brunnbaeren.com\/index.php?rest_route=%2Fwp%2Fv2%2Fmedia&parent=1972"}],"curies":[{"name":"wp","href":"https:\/\/api.w.org\/{rel}","templated":true}]}}