{"id":23,"date":"2015-12-18T15:32:54","date_gmt":"2015-12-18T15:32:54","guid":{"rendered":"http:\/\/brunnbaeren.com\/?page_id=23"},"modified":"2020-05-19T18:19:09","modified_gmt":"2020-05-19T18:19:09","slug":"gjara-vom-bachgrund","status":"publish","type":"page","link":"https:\/\/brunnbaeren.com\/?page_id=23","title":{"rendered":"Gjara vom Bachgrund"},"content":{"rendered":"\n<p class=\"has-text-align-center\">Happy Birthay Gjara<\/p>\n\n\n\n<p class=\"has-text-align-center\">unsere Zaubermaus feiert ihren 8.Geburtstag !<\/p>\n\n\n\n<div class=\"wp-block-image\"><figure class=\"aligncenter size-large is-resized\"><img decoding=\"async\" loading=\"lazy\" src=\"https:\/\/brunnbaeren.com\/wp-content\/uploads\/2020\/05\/comp_HappyBirthdayGjara01-845x597.jpg\" alt=\"\" class=\"wp-image-4982\" width=\"416\" height=\"294\" srcset=\"https:\/\/brunnbaeren.com\/wp-content\/uploads\/2020\/05\/comp_HappyBirthdayGjara01-845x597.jpg 845w, https:\/\/brunnbaeren.com\/wp-content\/uploads\/2020\/05\/comp_HappyBirthdayGjara01-300x212.jpg 300w, https:\/\/brunnbaeren.com\/wp-content\/uploads\/2020\/05\/comp_HappyBirthdayGjara01-150x106.jpg 150w, https:\/\/brunnbaeren.com\/wp-content\/uploads\/2020\/05\/comp_HappyBirthdayGjara01.jpg 1000w\" sizes=\"(max-width: 416px) 100vw, 416px\" \/><\/figure><\/div>\n\n\n\n<div class=\"wp-block-group\"><div class=\"wp-block-group__inner-container is-layout-flow\">\n<p style=\"text-align: center;\">Gjara vom Bachgrund<\/p>\n<p style=\"text-align: center;\"><img decoding=\"async\" loading=\"lazy\" class=\"alignnone size-medium wp-image-1616\" src=\"https:\/\/brunnbaeren.com\/wp-content\/uploads\/2015\/12\/gjara_3-300x200.jpg\" alt=\"gjara_3\" width=\"300\" height=\"200\" srcset=\"https:\/\/brunnbaeren.com\/wp-content\/uploads\/2015\/12\/gjara_3-300x200.jpg 300w, https:\/\/brunnbaeren.com\/wp-content\/uploads\/2015\/12\/gjara_3.jpg 512w\" sizes=\"(max-width: 300px) 100vw, 300px\" \/><\/p>\n<p style=\"text-align: center;\">\u00d6HZB BS 4940<\/p>\n<p style=\"text-align: center;\">HD A, ED 0\/0, DM: DM\/DM<\/p>\n<p style=\"text-align: center;\">BACH ELEUTERIA &amp; FELICITAS VON DEN BRUNNB\u00c4REN<\/p>\n<p style=\"text-align: center;\">WURFDATUM: 19.05.2012<\/p>\n<p style=\"text-align: left;\">Gjara kam am 19.05.2012 bei unseren Freunden in der Zuchtst\u00e4tte &#8222;vom Bachgrund&#8220; zur Welt. Mama Feli war schon immer einer meiner Lieblinge und au\u00dferdem ist sie immer eine souver\u00e4ne Mama f\u00fcr all ihre Welpen gewesen. Dieser Wurf sollte nun ihr letzter sein, dann noch 7 M\u00e4dels und mit Bach Eleuteria ein Vater mit hervorragender Altersstruktur und Gesundheitswerten. Auch war es Liebe auf den ersten Blick schon an Gjaras erstem Lebenstag.<\/p>\n<p style=\"text-align: left;\">Also hat es sich im Kopf festgesetzt, dass Gjara einmal die Brunnb\u00e4renlinie weiterf\u00fchren soll. Gjara war im Wurf die Kleinste, aber ihr Ausdruck und ihr Charme haben mich zunehmend begeistert und sie hat gehalten, was sie schon als Welpe versprochen hat. Sie ist eine sehr liebenswerte, lustige H\u00fcndin mit gro\u00dfer Lebensfreude geworden und auch ihr Name Gjara (kommt aus der norddeutschen Mythologie und bedeutet Schelm) passt perfekt zu ihr.<\/p>\n<p style=\"text-align: left;\">Am 14.12.2015 hat Gjara die K\u00f6rung im VSS\u00d6 ohne Einschr\u00e4nkungen bestanden. Nun warten wir gespannt was die Zukunft bring.<\/p>\n<p style=\"text-align: left;\">Gjara hat bereits ihren ersten Wurf zur Welt gebracht. Vater unserer Q-chen ist Odysseus von den Brunnb\u00e4ren. Die beiden haben hervorragendes geleistet und Gjara ist nun stolze Mama von 9 wunderbaren B\u00e4rchen<\/p>\n<p style=\"text-align: left;\"><a href=\"https:\/\/brunnbaeren.com\/wp-content\/uploads\/2015\/12\/BS_4940_GJARA-VOM-BACHGRUND.pdf\" target=\"_blank\" rel=\"noopener noreferrer\">K\u00f6rbericht (pdf)<\/a><\/p>\n<p style=\"text-align: left;\"><a href=\"https:\/\/brunnbaeren.com\/wp-content\/uploads\/2015\/12\/Gjara-vom-Bachgrund_Stand-19.12.2015.pdf\" target=\"_blank\" rel=\"noopener noreferrer\">Pedigree&nbsp;(pdf)<\/a><\/p>\n<p style=\"text-align: left;\">ein Einblick in unsere Zaubermaus<\/p>\n<p style=\"text-align: left;\"><!-- index.php -->\n<div\n\tclass=\"ngg-galleryoverview\n\t ngg-ajax-pagination-none\t\"\n\tid=\"ngg-gallery-9adb55f1fd0da8e14a1cbd97a5eb8071-1\">\n\n\t\t\t<!-- Thumbnails -->\n\t\t\t\t<div id=\"ngg-image-0\" class=\"ngg-gallery-thumbnail-box\" \n\t\t\t\t\t\t\t\t\t\t\t>\n\t\t\t\t\t\t<div class=\"ngg-gallery-thumbnail\">\n\t\t\t<a href=\"https:\/\/brunnbaeren.com\/wp-content\/gallery\/gjara-vom-bachgrund\/Gjara-Escara-November-2012.jpg\"\n\t\t\t\ttitle=\"\"\n\t\t\t\tdata-src=\"https:\/\/brunnbaeren.com\/wp-content\/gallery\/gjara-vom-bachgrund\/Gjara-Escara-November-2012.jpg\"\n\t\t\t\tdata-thumbnail=\"https:\/\/brunnbaeren.com\/wp-content\/gallery\/gjara-vom-bachgrund\/thumbs\/thumbs_Gjara-Escara-November-2012.jpg\"\n\t\t\t\tdata-image-id=\"553\"\n\t\t\t\tdata-title=\"Gjara + Escara November 2012\"\n\t\t\t\tdata-description=\"\"\n\t\t\t\tdata-image-slug=\"gjara-escara-november-2012-2\"\n\t\t\t\tclass=\"ngg-fancybox\" rel=\"9adb55f1fd0da8e14a1cbd97a5eb8071\">\n\t\t\t\t<img\n\t\t\t\t\ttitle=\"Gjara + Escara November 2012\"\n\t\t\t\t\talt=\"Gjara + Escara November 2012\"\n\t\t\t\t\tsrc=\"https:\/\/brunnbaeren.com\/wp-content\/gallery\/gjara-vom-bachgrund\/thumbs\/thumbs_Gjara-Escara-November-2012.jpg\"\n\t\t\t\t\twidth=\"240\"\n\t\t\t\t\theight=\"160\"\n\t\t\t\t\tstyle=\"max-width:100%;\"\n\t\t\t\t\/>\n\t\t\t<\/a>\n\t\t<\/div>\n\t\t\t\t\t\t\t<\/div> \n\t\t\t\n\t\t\n\t\t\t\t<div id=\"ngg-image-1\" class=\"ngg-gallery-thumbnail-box\" \n\t\t\t\t\t\t\t\t\t\t\t>\n\t\t\t\t\t\t<div class=\"ngg-gallery-thumbnail\">\n\t\t\t<a href=\"https:\/\/brunnbaeren.com\/wp-content\/gallery\/gjara-vom-bachgrund\/Gjara-HP-1.jpg\"\n\t\t\t\ttitle=\"\"\n\t\t\t\tdata-src=\"https:\/\/brunnbaeren.com\/wp-content\/gallery\/gjara-vom-bachgrund\/Gjara-HP-1.jpg\"\n\t\t\t\tdata-thumbnail=\"https:\/\/brunnbaeren.com\/wp-content\/gallery\/gjara-vom-bachgrund\/thumbs\/thumbs_Gjara-HP-1.jpg\"\n\t\t\t\tdata-image-id=\"554\"\n\t\t\t\tdata-title=\"Gjara HP 1\"\n\t\t\t\tdata-description=\"\"\n\t\t\t\tdata-image-slug=\"gjara-hp-1-1\"\n\t\t\t\tclass=\"ngg-fancybox\" rel=\"9adb55f1fd0da8e14a1cbd97a5eb8071\">\n\t\t\t\t<img\n\t\t\t\t\ttitle=\"Gjara HP 1\"\n\t\t\t\t\talt=\"Gjara HP 1\"\n\t\t\t\t\tsrc=\"https:\/\/brunnbaeren.com\/wp-content\/gallery\/gjara-vom-bachgrund\/thumbs\/thumbs_Gjara-HP-1.jpg\"\n\t\t\t\t\twidth=\"240\"\n\t\t\t\t\theight=\"160\"\n\t\t\t\t\tstyle=\"max-width:100%;\"\n\t\t\t\t\/>\n\t\t\t<\/a>\n\t\t<\/div>\n\t\t\t\t\t\t\t<\/div> \n\t\t\t\n\t\t\n\t\t\t\t<div id=\"ngg-image-2\" class=\"ngg-gallery-thumbnail-box\" \n\t\t\t\t\t\t\t\t\t\t\t>\n\t\t\t\t\t\t<div class=\"ngg-gallery-thumbnail\">\n\t\t\t<a href=\"https:\/\/brunnbaeren.com\/wp-content\/gallery\/gjara-vom-bachgrund\/Gjara-HP.jpg\"\n\t\t\t\ttitle=\"\"\n\t\t\t\tdata-src=\"https:\/\/brunnbaeren.com\/wp-content\/gallery\/gjara-vom-bachgrund\/Gjara-HP.jpg\"\n\t\t\t\tdata-thumbnail=\"https:\/\/brunnbaeren.com\/wp-content\/gallery\/gjara-vom-bachgrund\/thumbs\/thumbs_Gjara-HP.jpg\"\n\t\t\t\tdata-image-id=\"555\"\n\t\t\t\tdata-title=\"Gjara HP\"\n\t\t\t\tdata-description=\"\"\n\t\t\t\tdata-image-slug=\"gjara-hp-3\"\n\t\t\t\tclass=\"ngg-fancybox\" rel=\"9adb55f1fd0da8e14a1cbd97a5eb8071\">\n\t\t\t\t<img\n\t\t\t\t\ttitle=\"Gjara HP\"\n\t\t\t\t\talt=\"Gjara HP\"\n\t\t\t\t\tsrc=\"https:\/\/brunnbaeren.com\/wp-content\/gallery\/gjara-vom-bachgrund\/thumbs\/thumbs_Gjara-HP.jpg\"\n\t\t\t\t\twidth=\"240\"\n\t\t\t\t\theight=\"160\"\n\t\t\t\t\tstyle=\"max-width:100%;\"\n\t\t\t\t\/>\n\t\t\t<\/a>\n\t\t<\/div>\n\t\t\t\t\t\t\t<\/div> \n\t\t\t\n\t\t\n\t\t\t\t<div id=\"ngg-image-3\" class=\"ngg-gallery-thumbnail-box\" \n\t\t\t\t\t\t\t\t\t\t\t>\n\t\t\t\t\t\t<div class=\"ngg-gallery-thumbnail\">\n\t\t\t<a href=\"https:\/\/brunnbaeren.com\/wp-content\/gallery\/gjara-vom-bachgrund\/Gjara-K%C3%B6rfoto.jpg\"\n\t\t\t\ttitle=\"\"\n\t\t\t\tdata-src=\"https:\/\/brunnbaeren.com\/wp-content\/gallery\/gjara-vom-bachgrund\/Gjara-K%C3%B6rfoto.jpg\"\n\t\t\t\tdata-thumbnail=\"https:\/\/brunnbaeren.com\/wp-content\/gallery\/gjara-vom-bachgrund\/thumbs\/thumbs_Gjara-K%C3%B6rfoto.jpg\"\n\t\t\t\tdata-image-id=\"556\"\n\t\t\t\tdata-title=\"Gjara K\u00f6rfoto\"\n\t\t\t\tdata-description=\"\"\n\t\t\t\tdata-image-slug=\"gjara-k%c3%b6rfoto-1\"\n\t\t\t\tclass=\"ngg-fancybox\" rel=\"9adb55f1fd0da8e14a1cbd97a5eb8071\">\n\t\t\t\t<img\n\t\t\t\t\ttitle=\"Gjara K\u00f6rfoto\"\n\t\t\t\t\talt=\"Gjara K\u00f6rfoto\"\n\t\t\t\t\tsrc=\"https:\/\/brunnbaeren.com\/wp-content\/gallery\/gjara-vom-bachgrund\/thumbs\/thumbs_Gjara-K%C3%B6rfoto.jpg\"\n\t\t\t\t\twidth=\"240\"\n\t\t\t\t\theight=\"160\"\n\t\t\t\t\tstyle=\"max-width:100%;\"\n\t\t\t\t\/>\n\t\t\t<\/a>\n\t\t<\/div>\n\t\t\t\t\t\t\t<\/div> \n\t\t\t\n\t\t\n\t\t\n\t\t<!-- Pagination -->\n\t\t<div class='ngg-navigation'><span class='current'>1<\/span>\n<a class='page-numbers' data-pageid='2' href='https:\/\/brunnbaeren.com\/index.php\/nggallery\/page\/2?page_id=23'>2<\/a>\n<a class='prev' href='https:\/\/brunnbaeren.com\/index.php\/nggallery\/page\/2?page_id=23' data-pageid=2>&#9658;<\/a><\/div>\t<\/div>\n<\/p>\n<p>&nbsp;<\/p>\n<\/div><\/div>\n","protected":false},"excerpt":{"rendered":"<p>Happy Birthay Gjara unsere Zaubermaus feiert ihren 8.Geburtstag ! Gjara vom Bachgrund \u00d6HZB BS 4940 HD A, ED 0\/0, DM: DM\/DM BACH ELEUTERIA &amp; FELICITAS VON DEN BRUNNB\u00c4REN WURFDATUM: 19.05.2012 Gjara kam am 19.05.2012 bei unseren Freunden in der Zuchtst\u00e4tte &#8222;vom Bachgrund&#8220; zur Welt. Mama Feli war schon immer einer meiner Lieblinge und au\u00dferdem ist [&hellip;]<\/p>\n","protected":false},"author":1,"featured_media":0,"parent":0,"menu_order":0,"comment_status":"closed","ping_status":"closed","template":"","meta":{"ngg_post_thumbnail":0},"_links":{"self":[{"href":"https:\/\/brunnbaeren.com\/index.php?rest_route=\/wp\/v2\/pages\/23"}],"collection":[{"href":"https:\/\/brunnbaeren.com\/index.php?rest_route=\/wp\/v2\/pages"}],"about":[{"href":"https:\/\/brunnbaeren.com\/index.php?rest_route=\/wp\/v2\/types\/page"}],"author":[{"embeddable":true,"href":"https:\/\/brunnbaeren.com\/index.php?rest_route=\/wp\/v2\/users\/1"}],"replies":[{"embeddable":true,"href":"https:\/\/brunnbaeren.com\/index.php?rest_route=%2Fwp%2Fv2%2Fcomments&post=23"}],"version-history":[{"count":8,"href":"https:\/\/brunnbaeren.com\/index.php?rest_route=\/wp\/v2\/pages\/23\/revisions"}],"predecessor-version":[{"id":4983,"href":"https:\/\/brunnbaeren.com\/index.php?rest_route=\/wp\/v2\/pages\/23\/revisions\/4983"}],"wp:attachment":[{"href":"https:\/\/brunnbaeren.com\/index.php?rest_route=%2Fwp%2Fv2%2Fmedia&parent=23"}],"curies":[{"name":"wp","href":"https:\/\/api.w.org\/{rel}","templated":true}]}}